e greatest common factor of k and i.
16
Let z be (-1)/((4/10)/(-2)). Let h = -80 - -290. Let k = 255 - h. Calculate the highest common divisor of z and k.
5
Let g = 53 - -197. Suppose 2*d - g = 166. Let a be (-156)/15*5/(-2). What is the highest common factor of d and a?
26
Let c be (-2*17)/((-7)/7). Suppose -6328*l + 4080 = -6248*l. Calculate the highest common divisor of c and l.
17
Let w be (-12)/(-4)*(-64)/6. Let y = w + 76. Suppose -4110*b + 4 = -4109*b. Calculate the highest common divisor of b and y.
4
Let o(j) = -j**2 + 27. Suppose -5*p + p = -44. Let r be o(p). Let f = -54 - r. Calculate the highest common factor of f and 80.
40
Suppose -4*i + 380 + 528 = p, 5*p + 860 = 4*i. Calculate the greatest common factor of 7975 and i.
25
Suppose -5*i + 15 = 5*o, 0 = -4*i - o + 8 + 13. Suppose 23*k = -i*k + 4147. What is the greatest common divisor of k and 33?
11
Let g(i) = 32*i + 1. Let a be g(2). Let m be (-12)/(-102)*289 + 5. What is the greatest common factor of m and a?
13
Let f(u) = -u**3 + 19*u**2 - 19*u + 31. Let c be f(18). Let s(g) = g**2 - 5*g - 69. Let i be s(c). What is the highest common divisor of 84 and i?
7
Let g(b) be the third derivative of 0 + 2*b**2 + 7/3*b**3 + 0*b + 1/60*b**5 + 5/24*b**4. Let k be g(-5). What is the greatest common factor of 126 and k?
14
Suppose 6454636 = 735*a - 5167483 - 1346221. Calculate the greatest common factor of a and 44.
44
Suppose -5*n + 29 - 3 = 2*y, -2*n = 3*y - 28. Suppose 460 = -y*h + 1612. Suppose x - 4 = -5*v, -x - v + 10 = 2. Calculate the highest common divisor of h and x.
9
Let o = -4905 - -5320. What is the greatest common divisor of 166 and o?
83
Suppose 4*t + 20 = -0. Let s be (t/(-1) - 1) + 44. Let o be (16/40)/((-1)/(-40)). What is the highest common divisor of o and s?
16
Let k be 2*(-23)/3*(-117)/6. Suppose 0 = -10*z + 13*z - 39. What is the greatest common divisor of z and k?
13
Let t(h) = 38*h + 56. Let b be t(0). Suppose 15*r - b = 244. Suppose 4 - 324 = -4*s. Calculate the greatest common factor of s and r.
20
Suppose 2*q + 1 + 1 = 0. Let r be (3 + q + 0)/(4/110). Let g be ((-121)/r)/(2/5)*-2. What is the highest common factor of 99 and g?
11
Suppose -j + 3*v = -3*j + 9, -3*j - 4*v = -13. Suppose 0 = -4*w - 5*g + 705, -w + j*g = 6*g - 171. Calculate the greatest common factor of 20 and w.
20
Let w = 353 + -482. Let o be (w/2)/(-1) + (-75)/(-50). What is the highest common divisor of 594 and o?
66
Let x(l) = -l**2 - 24*l + 62. Suppose 4*t + 98 = -40*z + 38*z, 3*z - 117 = 5*t. Let a be x(t). Calculate the greatest common divisor of 217 and a.
31
Let h = 6534 + -6500. Calculate the greatest common factor of 7242 and h.
34
Let l be -3*7/21 - (-37 + 2). Suppose -40*o + 102 = -l*o. Suppose 2*t - 276 = -5*q + q, 5*t + 3*q - 683 = 0. Calculate the highest common divisor of t and o.
17
Suppose -5*p - 5*y = -205, 0*p + 3*p = 5*y + 163. Suppose -34*c = -p*c + 60. What is the highest common divisor of c and 215?
5
Suppose -6*i - 2*i = -24. Suppose 1 = -i*p - 2. Let c be 2/(-2) - (p + (-36)/3). Calculate the highest common divisor of 96 and c.
12
Let o = 2292 + -1548. Calculate the highest common divisor of 465 and o.
93
Suppose -29 = -g + p, g - p = -3*g + 110. Let r = -717 + 1172. Suppose 4*d - 409 = r. Calculate the highest common factor of d and g.
27
Suppose 737 = 22*b + 403 - 766. What is the highest common factor of 1050 and b?
50
Suppose 1247 - 4207 = 10*k. Let m be 2/(1 + (-2)/(k/(-140))). Let g(s) = -s**3 + 10*s**2 + 7*s - 1. Let b be g(6). What is the highest common factor of b and m?
37
Let a(c) = 33*c**2 - 26*c + 2. Let f be a(-4). Suppose -f = -5*n - 2*s, 6 = 15*s - 12*s. Calculate the highest common factor of 14 and n.
14
Let j = -2941 - -2969. Suppose -3*d + o + 82 = -4*o, -2*d + 53 = -5*o. Let q = d + -15. What is the greatest common divisor of j and q?
14
Let l(q) = -q**2 - 12*q + 558. Let x be l(-22). Calculate the highest common divisor of x and 26.
26
Let n(d) = -4*d - 11. Let g = -39 + 32. Let l be n(g). Suppose -h + 0*h + z + 121 = 0, -h = 3*z - 113. Calculate the greatest common divisor of l and h.
17
Let y be -7 - -5 - (-396)/2. Let j = 248 - y. Let n be 8/(-36) + (-76)/(-18). What is the highest common factor of j and n?
4
Let u(j) = -209*j - 701. Let w be u(-4). What is the greatest common factor of 21195 and w?
135
Let f(p) = 32*p**2 + 3*p + 73. Let z be f(6). What is the highest common factor of 226 and z?
113
Let s be (3 + (0 - 0))*21. Suppose -5*t - 4*r + 21 = 0, 5*t - 27 = -18*r + 20*r. Let k be (9 - -2 - t) + 3. What is the highest common factor of k and s?
9
Let l be (6*-1 - (11 + 101))/(16/(-24)). What is the highest common factor of 7139 and l?
59
Let k = 482 + -448. Suppose 49*b = 47*b + 4*a + k, 5*a = 2*b - 34. Calculate the highest common factor of b and 493.
17
Let r(w) = 4*w**2 - 7*w - 50. Let d(u) = 2*u**2 - 4*u - 25. Let x(l) = -11*d(l) + 6*r(l). Let a be x(5). Calculate the greatest common factor of 385 and a.
35
Let n(z) = 2372*z - 532. Let w be n(2). What is the highest common factor of w and 52?
52
Let n(r) = -3*r**2 - 20*r + 16. Let m be n(-7). Suppose m*l + 540 = 24*l. Calculate the greatest common factor of l and 18.
18
Let u be (-4)/(-168)*31882 + 22/(-231). Calculate the greatest common factor of u and 6325.
253
Suppose m = 2*h - 37 + 139, 2*h = -m + 114. What is the highest common divisor of m and 164?
4
Suppose -1340 = -5*w - n, -7 - 13 = 4*n. Let j = w - 252. Calculate the highest common factor of j and 17.
17
Let i = 13780 - 4971. Calculate the greatest common divisor of i and 69.
23
Let l(m) = 2*m + 336. Let k be l(-23). Suppose 1956 = 9*w - 132. Calculate the highest common divisor of w and k.
58
Let c be -5 + ((234/4)/13)/((-3)/(-372)). Calculate the highest common factor of c and 158.
79
Suppose -4 = 5*b + 76. Let a = 24 - b. Suppose 14*x + h = 17*x - 476, -2*h - 632 = -4*x. Calculate the highest common factor of a and x.
40
Let q = 79 + 17. Let k = 421088 - 420944. Calculate the greatest common factor of k and q.
48
Let y = -16 - -27. Suppose -162*u = 134*u - 353 + 57. What is the greatest common factor of u and y?
1
Let s(o) = -o**2. Let y(v) = -17*v - 11*v**2 + 7 + 2*v**2 + 15*v**2. Let f(l) = -5*s(l) - y(l). Let q be f(7). Calculate the highest common factor of q and 9.
9
Suppose 22*k - 24*k = -168. Suppose 9*y = 12*y - k. Let m be 1165/55 - 4/22. What is the highest common factor of m and y?
7
Let t be 14/(-21) + (-22)/(-6). Suppose 4*u = 2*x + 31 - 135, x - 53 = u. Let g be 4528/36 + t/(x/4). What is the greatest common divisor of 21 and g?
21
Suppose u - 81*s = -85*s + 25, -u + 30 = -s. Suppose 4*y + 3*f - 200 = 3*y, 0 = -5*f - 5. Calculate the greatest common divisor of y and u.
29
Let w = 190 - 168. Suppose 0 = -l + w + 53. What is the greatest common factor of 50 and l?
25
Let g(d) = 5*d - 3 + 7*d - d**2 - 3*d. Suppose 5*a - 25 = -3*b, 5*a + 4 = b + 9. Let t be g(b). Calculate the greatest common divisor of 153 and t.
17
Let f = -15338 - -18062. What is the highest common factor of f and 24?
12
Suppose 0 = -3*y - 6, -2*y + 59 + 3213 = 2*r. Calculate the greatest common factor of 378 and r.
126
Let b be ((-196)/6)/(-4*1/(-6)). Let s = b - -189. Let z(f) = -2*f + 30. Let u be z(5). Calculate the greatest common factor of s and u.
20
Let g = 31469 - 31374. What is the greatest common factor of g and 33535?
95
Let p be 0 - -95 - (-10)/(-5). Let y = p - 89. What is the greatest common divisor of 1 and y?
1
Let d be 10/(-12) - 696/(-144). Suppose 3*c - 416 = 2*j, -2*j = d*c - 625 + 89. Calculate the greatest common factor of 17 and c.
17
Suppose -24 = -2*l + 5*u, 8 - 15 = -l + 5*u. Calculate the highest common factor of l and 59.
1
Suppose 58*l - 5049 = 7*l. Suppose -20*c + 381 = -l. Let q be (0 + -2)*3/(-2). Calculate the greatest common divisor of c and q.
3
Let o be ((-26092)/(-17))/(42/357). What is the highest common factor of o and 44?
22
Let j = -89 + 141. Suppose -j = t - 204. Let s be 3 - ((-2340)/165 - 2 - (-4)/22). What is the greatest common factor of s and t?
19
Suppose 1212 = 8*p - 4*p. Suppose -2*i + 302 = j, j + 4*i - i - p = 0. What is the highest common divisor of 60 and j?
60
Let p(f) = 10*f + 147. Let t be p(-14). Let m = 7 + -5. Suppose -m*w - 90 + 2 = -4*b, -8 = 4*w. What is the greatest common f